{"id":15344,"date":"2021-04-02T09:38:59","date_gmt":"2021-04-02T06:38:59","guid":{"rendered":"http:\/\/pastory.com.tr\/?page_id=15344"},"modified":"2021-04-02T09:40:45","modified_gmt":"2021-04-02T06:40:45","slug":"maun-gida-simit-pogaca-tatli-pasta","status":"publish","type":"page","link":"https:\/\/pastory.com.tr\/index.php\/markalar-pastacilik-urunleri\/maun-gida-simit-pogaca-tatli-pasta\/","title":{"rendered":"Maun G\u0131da"},"content":{"rendered":"<p>[vc_row][vc_column width=&#8221;1\/2&#8243;][vc_single_image image=&#8221;15345&#8243; img_size=&#8221;full&#8221;][\/vc_column][vc_column width=&#8221;1\/2&#8243; css=&#8221;.vc_custom_1616609521409{margin-top: 50px !important;padding-left: 20px !important;}&#8221;][vc_column_text]<\/p>\n<ul>\n<li>\n<h3>Simitler<\/h3>\n<\/li>\n<li>\n<h3>A\u00e7malar<\/h3>\n<\/li>\n<li>\n<h3>Pastalar<\/h3>\n<\/li>\n<li>\n<h3>At\u0131\u015ft\u0131rmal\u0131klar<\/h3>\n<\/li>\n<li>\n<h3>B\u00f6rekler<\/h3>\n<\/li>\n<li>\n<h3>Pizzalar<\/h3>\n<\/li>\n<li>\n<h3>Tatl\u0131lar<\/h3>\n<\/li>\n<li>\n<h3>Mant\u0131<\/h3>\n<\/li>\n<li>\n<h3>Makarna<\/h3>\n<\/li>\n<li>\n<h3>Limonata<\/h3>\n<\/li>\n<li>\n<h3>Kekler<\/h3>\n<\/li>\n<\/ul>\n<p>[\/vc_column_text][\/vc_column][\/vc_row]<\/p>\n","protected":false},"excerpt":{"rendered":"<p>[vc_row][vc_column width=&#8221;1\/2&#8243;][vc_single_image image=&#8221;15345&#8243; img_size=&#8221;full&#8221;][\/vc_column][vc_column width=&#8221;1\/2&#8243; css=&#8221;.vc_custom_1616609521409{margin-top: 50px !important;padding-left: 20px !important;}&#8221;][vc_column_text] Simitler A\u00e7malar Pastalar At\u0131\u015ft\u0131rmal\u0131klar B\u00f6rekler Pizzalar Tatl\u0131lar Mant\u0131 Makarna Limonata Kekler [\/vc_column_text][\/vc_column][\/vc_row]<\/p>\n","protected":false},"author":1,"featured_media":0,"parent":7,"menu_order":0,"comment_status":"closed","ping_status":"closed","template":"","meta":[],"class_list":["post-15344","page","type-page","status-publish","hentry","description-off"],"yoast_head":"<!-- This site is optimized with the Yoast SEO plugin v25.2 - https:\/\/yoast.com\/wordpress\/plugins\/seo\/ -->\n<title>Maun G\u0131da - Pastory Pastac\u0131l\u0131k Malzemeleri Bodrum, Toptan G\u0131da Bodrum, EDT Firmalar\u0131 Bodrum<\/title>\n<meta name=\"robots\" content=\"index, follow, max-snippet:-1, max-image-preview:large, max-video-preview:-1\" \/>\n<link rel=\"canonical\" href=\"https:\/\/pastory.com.tr\/index.php\/markalar-pastacilik-urunleri\/maun-gida-simit-pogaca-tatli-pasta\/\" \/>\n<meta property=\"og:locale\" content=\"tr_TR\" \/>\n<meta property=\"og:type\" content=\"article\" \/>\n<meta property=\"og:title\" content=\"Maun G\u0131da - Pastory Pastac\u0131l\u0131k Malzemeleri Bodrum, Toptan G\u0131da Bodrum, EDT Firmalar\u0131 Bodrum\" \/>\n<meta property=\"og:description\" content=\"[vc_row][vc_column width=&#8221;1\/2&#8243;][vc_single_image image=&#8221;15345&#8243; img_size=&#8221;full&#8221;][\/vc_column][vc_column width=&#8221;1\/2&#8243; css=&#8221;.vc_custom_1616609521409{margin-top: 50px !important;padding-left: 20px !important;}&#8221;][vc_column_text] Simitler A\u00e7malar Pastalar At\u0131\u015ft\u0131rmal\u0131klar B\u00f6rekler Pizzalar Tatl\u0131lar Mant\u0131 Makarna Limonata Kekler [\/vc_column_text][\/vc_column][\/vc_row]\" \/>\n<meta property=\"og:url\" content=\"https:\/\/pastory.com.tr\/index.php\/markalar-pastacilik-urunleri\/maun-gida-simit-pogaca-tatli-pasta\/\" \/>\n<meta property=\"og:site_name\" content=\"Pastory Pastac\u0131l\u0131k Malzemeleri Bodrum, Toptan G\u0131da Bodrum, EDT Firmalar\u0131 Bodrum\" \/>\n<meta property=\"article:publisher\" content=\"https:\/\/facebook.com\/pastory.official\" \/>\n<meta property=\"article:modified_time\" content=\"2021-04-02T06:40:45+00:00\" \/>\n<meta name=\"twitter:card\" content=\"summary_large_image\" \/>\n<script type=\"application\/ld+json\" class=\"yoast-schema-graph\">{\"@context\":\"https:\/\/schema.org\",\"@graph\":[{\"@type\":\"WebPage\",\"@id\":\"https:\/\/pastory.com.tr\/index.php\/markalar-pastacilik-urunleri\/maun-gida-simit-pogaca-tatli-pasta\/\",\"url\":\"https:\/\/pastory.com.tr\/index.php\/markalar-pastacilik-urunleri\/maun-gida-simit-pogaca-tatli-pasta\/\",\"name\":\"Maun G\u0131da - Pastory Pastac\u0131l\u0131k Malzemeleri Bodrum, Toptan G\u0131da Bodrum, EDT Firmalar\u0131 Bodrum\",\"isPartOf\":{\"@id\":\"https:\/\/pastory.com.tr\/#website\"},\"datePublished\":\"2021-04-02T06:38:59+00:00\",\"dateModified\":\"2021-04-02T06:40:45+00:00\",\"breadcrumb\":{\"@id\":\"https:\/\/pastory.com.tr\/index.php\/markalar-pastacilik-urunleri\/maun-gida-simit-pogaca-tatli-pasta\/#breadcrumb\"},\"inLanguage\":\"tr\",\"potentialAction\":[{\"@type\":\"ReadAction\",\"target\":[\"https:\/\/pastory.com.tr\/index.php\/markalar-pastacilik-urunleri\/maun-gida-simit-pogaca-tatli-pasta\/\"]}]},{\"@type\":\"BreadcrumbList\",\"@id\":\"https:\/\/pastory.com.tr\/index.php\/markalar-pastacilik-urunleri\/maun-gida-simit-pogaca-tatli-pasta\/#breadcrumb\",\"itemListElement\":[{\"@type\":\"ListItem\",\"position\":1,\"name\":\"Anasayfa\",\"item\":\"https:\/\/pastory.com.tr\/\"},{\"@type\":\"ListItem\",\"position\":2,\"name\":\"Markalar &#038; \u00dcr\u00fcnler\",\"item\":\"https:\/\/pastory.com.tr\/index.php\/markalar-pastacilik-urunleri\/\"},{\"@type\":\"ListItem\",\"position\":3,\"name\":\"Maun G\u0131da\"}]},{\"@type\":\"WebSite\",\"@id\":\"https:\/\/pastory.com.tr\/#website\",\"url\":\"https:\/\/pastory.com.tr\/\",\"name\":\"Pastory Pastac\u0131l\u0131k Malzemeleri Bodrum, Toptan G\u0131da Bodrum, EDT Firmalar\u0131 Bodrum\",\"description\":\"Nestle, AAK, Katsan, Ireks, Richs, MEC3, Maun\",\"publisher\":{\"@id\":\"https:\/\/pastory.com.tr\/#organization\"},\"potentialAction\":[{\"@type\":\"SearchAction\",\"target\":{\"@type\":\"EntryPoint\",\"urlTemplate\":\"https:\/\/pastory.com.tr\/?s={search_term_string}\"},\"query-input\":{\"@type\":\"PropertyValueSpecification\",\"valueRequired\":true,\"valueName\":\"search_term_string\"}}],\"inLanguage\":\"tr\"},{\"@type\":\"Organization\",\"@id\":\"https:\/\/pastory.com.tr\/#organization\",\"name\":\"Pastory Pastac\u0131l\u0131k Malzemeleri\",\"url\":\"https:\/\/pastory.com.tr\/\",\"logo\":{\"@type\":\"ImageObject\",\"inLanguage\":\"tr\",\"@id\":\"https:\/\/pastory.com.tr\/#\/schema\/logo\/image\/\",\"url\":\"https:\/\/pastory.com.tr\/wp-content\/uploads\/2021\/03\/pastory_retina_desktop.png\",\"contentUrl\":\"https:\/\/pastory.com.tr\/wp-content\/uploads\/2021\/03\/pastory_retina_desktop.png\",\"width\":500,\"height\":137,\"caption\":\"Pastory Pastac\u0131l\u0131k Malzemeleri\"},\"image\":{\"@id\":\"https:\/\/pastory.com.tr\/#\/schema\/logo\/image\/\"},\"sameAs\":[\"https:\/\/facebook.com\/pastory.official\",\"https:\/\/instagram.com\/pastory.official\"]}]}<\/script>\n<!-- \/ Yoast SEO plugin. -->","yoast_head_json":{"title":"Maun G\u0131da - Pastory Pastac\u0131l\u0131k Malzemeleri Bodrum, Toptan G\u0131da Bodrum, EDT Firmalar\u0131 Bodrum","robots":{"index":"index","follow":"follow","max-snippet":"max-snippet:-1","max-image-preview":"max-image-preview:large","max-video-preview":"max-video-preview:-1"},"canonical":"https:\/\/pastory.com.tr\/index.php\/markalar-pastacilik-urunleri\/maun-gida-simit-pogaca-tatli-pasta\/","og_locale":"tr_TR","og_type":"article","og_title":"Maun G\u0131da - Pastory Pastac\u0131l\u0131k Malzemeleri Bodrum, Toptan G\u0131da Bodrum, EDT Firmalar\u0131 Bodrum","og_description":"[vc_row][vc_column width=&#8221;1\/2&#8243;][vc_single_image image=&#8221;15345&#8243; img_size=&#8221;full&#8221;][\/vc_column][vc_column width=&#8221;1\/2&#8243; css=&#8221;.vc_custom_1616609521409{margin-top: 50px !important;padding-left: 20px !important;}&#8221;][vc_column_text] Simitler A\u00e7malar Pastalar At\u0131\u015ft\u0131rmal\u0131klar B\u00f6rekler Pizzalar Tatl\u0131lar Mant\u0131 Makarna Limonata Kekler [\/vc_column_text][\/vc_column][\/vc_row]","og_url":"https:\/\/pastory.com.tr\/index.php\/markalar-pastacilik-urunleri\/maun-gida-simit-pogaca-tatli-pasta\/","og_site_name":"Pastory Pastac\u0131l\u0131k Malzemeleri Bodrum, Toptan G\u0131da Bodrum, EDT Firmalar\u0131 Bodrum","article_publisher":"https:\/\/facebook.com\/pastory.official","article_modified_time":"2021-04-02T06:40:45+00:00","twitter_card":"summary_large_image","schema":{"@context":"https:\/\/schema.org","@graph":[{"@type":"WebPage","@id":"https:\/\/pastory.com.tr\/index.php\/markalar-pastacilik-urunleri\/maun-gida-simit-pogaca-tatli-pasta\/","url":"https:\/\/pastory.com.tr\/index.php\/markalar-pastacilik-urunleri\/maun-gida-simit-pogaca-tatli-pasta\/","name":"Maun G\u0131da - Pastory Pastac\u0131l\u0131k Malzemeleri Bodrum, Toptan G\u0131da Bodrum, EDT Firmalar\u0131 Bodrum","isPartOf":{"@id":"https:\/\/pastory.com.tr\/#website"},"datePublished":"2021-04-02T06:38:59+00:00","dateModified":"2021-04-02T06:40:45+00:00","breadcrumb":{"@id":"https:\/\/pastory.com.tr\/index.php\/markalar-pastacilik-urunleri\/maun-gida-simit-pogaca-tatli-pasta\/#breadcrumb"},"inLanguage":"tr","potentialAction":[{"@type":"ReadAction","target":["https:\/\/pastory.com.tr\/index.php\/markalar-pastacilik-urunleri\/maun-gida-simit-pogaca-tatli-pasta\/"]}]},{"@type":"BreadcrumbList","@id":"https:\/\/pastory.com.tr\/index.php\/markalar-pastacilik-urunleri\/maun-gida-simit-pogaca-tatli-pasta\/#breadcrumb","itemListElement":[{"@type":"ListItem","position":1,"name":"Anasayfa","item":"https:\/\/pastory.com.tr\/"},{"@type":"ListItem","position":2,"name":"Markalar &#038; \u00dcr\u00fcnler","item":"https:\/\/pastory.com.tr\/index.php\/markalar-pastacilik-urunleri\/"},{"@type":"ListItem","position":3,"name":"Maun G\u0131da"}]},{"@type":"WebSite","@id":"https:\/\/pastory.com.tr\/#website","url":"https:\/\/pastory.com.tr\/","name":"Pastory Pastac\u0131l\u0131k Malzemeleri Bodrum, Toptan G\u0131da Bodrum, EDT Firmalar\u0131 Bodrum","description":"Nestle, AAK, Katsan, Ireks, Richs, MEC3, Maun","publisher":{"@id":"https:\/\/pastory.com.tr\/#organization"},"potentialAction":[{"@type":"SearchAction","target":{"@type":"EntryPoint","urlTemplate":"https:\/\/pastory.com.tr\/?s={search_term_string}"},"query-input":{"@type":"PropertyValueSpecification","valueRequired":true,"valueName":"search_term_string"}}],"inLanguage":"tr"},{"@type":"Organization","@id":"https:\/\/pastory.com.tr\/#organization","name":"Pastory Pastac\u0131l\u0131k Malzemeleri","url":"https:\/\/pastory.com.tr\/","logo":{"@type":"ImageObject","inLanguage":"tr","@id":"https:\/\/pastory.com.tr\/#\/schema\/logo\/image\/","url":"https:\/\/pastory.com.tr\/wp-content\/uploads\/2021\/03\/pastory_retina_desktop.png","contentUrl":"https:\/\/pastory.com.tr\/wp-content\/uploads\/2021\/03\/pastory_retina_desktop.png","width":500,"height":137,"caption":"Pastory Pastac\u0131l\u0131k Malzemeleri"},"image":{"@id":"https:\/\/pastory.com.tr\/#\/schema\/logo\/image\/"},"sameAs":["https:\/\/facebook.com\/pastory.official","https:\/\/instagram.com\/pastory.official"]}]}},"_links":{"self":[{"href":"https:\/\/pastory.com.tr\/index.php\/wp-json\/wp\/v2\/pages\/15344","targetHints":{"allow":["GET"]}}],"collection":[{"href":"https:\/\/pastory.com.tr\/index.php\/wp-json\/wp\/v2\/pages"}],"about":[{"href":"https:\/\/pastory.com.tr\/index.php\/wp-json\/wp\/v2\/types\/page"}],"author":[{"embeddable":true,"href":"https:\/\/pastory.com.tr\/index.php\/wp-json\/wp\/v2\/users\/1"}],"replies":[{"embeddable":true,"href":"https:\/\/pastory.com.tr\/index.php\/wp-json\/wp\/v2\/comments?post=15344"}],"version-history":[{"count":2,"href":"https:\/\/pastory.com.tr\/index.php\/wp-json\/wp\/v2\/pages\/15344\/revisions"}],"predecessor-version":[{"id":15347,"href":"https:\/\/pastory.com.tr\/index.php\/wp-json\/wp\/v2\/pages\/15344\/revisions\/15347"}],"up":[{"embeddable":true,"href":"https:\/\/pastory.com.tr\/index.php\/wp-json\/wp\/v2\/pages\/7"}],"wp:attachment":[{"href":"https:\/\/pastory.com.tr\/index.php\/wp-json\/wp\/v2\/media?parent=15344"}],"curies":[{"name":"wp","href":"https:\/\/api.w.org\/{rel}","templated":true}]}}